te the highest common divisor of 18 and b.
18
Suppose 3*v - 6 = -5*h, 3*v = -8 - 1. Let z = 3 - 2. Calculate the greatest common divisor of h and z.
1
Suppose 4*i - 42 = 2*i - 2*m, -5*i = -2*m - 126. Let j = -67 + 26. Let z = -29 - j. What is the highest common factor of i and z?
12
Suppose -45*w = -42*w - 27. Let z be (-2 + 5)*(1 - -2). Calculate the greatest common divisor of w and z.
9
Suppose 0 = i + 2*i + 3*l + 9, 5*i = 3*l - 15. Let d = i - -6. Suppose 2*c = -z - z + 32, 6 = -d*z. What is the greatest common divisor of c and 36?
18
Suppose -p = p + 2*h - 10, 3*p + 3 = 3*h. Let v(d) = 3*d - 3. Let j be v(p). Let l = j + 0. What is the greatest common divisor of l and 27?
3
Let f(o) = -o**2 + 19*o + 6. Let g be f(19). What is the greatest common factor of 48 and g?
6
Suppose 3*g = -g + 128. Calculate the highest common factor of g and 256.
32
Let i(r) be the third derivative of -r**5/60 - 7*r**4/24 + r**3/6 + 4*r**2. Let c be i(-5). Let g = 138 + -83. What is the highest common divisor of c and g?
11
Let q = 230 - 98. Suppose 5*j = 283 - 103. Suppose -b = 2*b - j. What is the greatest common divisor of b and q?
12
Let y = -66 - -38. Suppose -j + l = 13, -3*l = -2*j - 27 + 3. Let b = j - y. Calculate the highest common factor of 52 and b.
13
Let m(i) = 3*i + 2. Suppose -g + 2 = 6. Let f be m(g). Let b = f - -17. What is the highest common factor of b and 77?
7
Suppose -t + 2*t = 2. Suppose 94 = 3*r - r. Suppose 5*n = s + 205, 0 = -n + s - t*s + r. What is the greatest common factor of n and 14?
14
Let p(j) = 79*j**2 - 11*j + 3. Let h be p(2). What is the highest common divisor of 33 and h?
33
Let r(s) = s + 22. Let h be r(-10). Let j be (-50)/(-10)*h/10. What is the highest common divisor of 48 and j?
6
Let p(d) = d**3 + 2*d**2 - 3*d - 4. Let g be p(-2). What is the highest common factor of 10 and g?
2
Suppose 4*n - 8*n + 580 = 0. Calculate the greatest common divisor of 29 and n.
29
Suppose 0 = -q + w - 30 + 105, 5*q + 2*w - 368 = 0. Suppose -q - 14 = -4*u. What is the greatest common factor of 198 and u?
22
Let r(n) = -n**2 + 7*n - 2. Let y be r(7). Let f be (y/(-4))/((-5)/(-540)). Calculate the highest common factor of f and 6.
6
Suppose 3*i = 3*g + i - 63, 0 = 5*g + i - 105. Calculate the greatest common factor of g and 42.
21
Suppose -5*s = 4*u - 73, -3*s + 29 = 2*u + 2*s. Suppose 8*z - 9*z = 0. Suppose z = 7*j - 3*j - 44. Calculate the greatest common factor of j and u.
11
Let w(j) = j**3 - 5*j**2 + 8*j - 12. Let p be w(6). Suppose -4*m - 94 - 34 = 0. Let r = -23 - m. Calculate the highest common factor of r and p.
9
Let q(d) = d**2 - 8*d + 2. Let g be q(10). What is the highest common divisor of g and 11?
11
Let x(u) = 1 - 2*u**2 + 9*u + 7*u**2 - 6*u**2. Let c be x(9). Calculate the highest common factor of c and 11.
1
Let b(w) = w + 16. Let t be b(-8). What is the highest common divisor of 1 and t?
1
Let d(h) = -h**3 + 10*h**2 - 9*h - 11. Let c be 6/(-10) + (-86)/(-10). Let i be d(c). Calculate the highest common factor of i and 9.
9
Let d(k) = -20*k + 14. Let b be d(-13). Suppose -b + 74 = -4*i. What is the greatest common divisor of i and 20?
10
Let a be (20/(-6))/(2/6). Let o(d) = d**3 - 18*d**2 + 19*d - 16. Let w be o(17). Let i be (-196)/a - w/30. What is the highest common divisor of i and 38?
19
Let j(d) = 56*d - 3. Let s be j(-3). Let f be s/(-18) + (-6)/(-4). Calculate the greatest common factor of 77 and f.
11
Suppose 21*o - 22*o = -9. Calculate the highest common divisor of 3 and o.
3
Let l = 1 + -4. Let m(s) = s**2 + s - 2. Let h be m(l). Suppose t + 24 = 3*w - 23, 4*w - 68 = -h*t. Calculate the greatest common factor of 8 and w.
8
Suppose -5*i = -2*i - 2*g + 111, 4*i = 2*g - 150. Let x = -60 - i. Let w = x + 33. What is the highest common factor of w and 3?
3
Suppose -5*f = h - 7, h + 2*f + 2 = 21. What is the greatest common divisor of h and 36?
9
Let g = -6 - -8. Suppose 5*t - 51 = g*f, 0*t + 5*f - 21 = -4*t. What is the highest common factor of t and 1?
1
Let k be (8*9)/(1/4). Let b = k + 102. Suppose b = 3*f + 2*f. Calculate the greatest common factor of 13 and f.
13
Let s = -161 + 21. Let o = s + 204. What is the highest common divisor of 8 and o?
8
Let c = 86 - 52. Let a = 24 - -10. What is the greatest common factor of c and a?
34
Let z be (-9)/((-4)/(1 + 67)). Suppose 2*k - 7*k = -85. Calculate the highest common divisor of z and k.
17
Let x = 1 - -1. Suppose 5*d - 12 = x*d. Suppose a - 133 = -3*k, -a = 2*k + 4*a - 93. Calculate the greatest common factor of k and d.
4
Let y = -31 - -33. Calculate the highest common factor of 2 and y.
2
Let q be 4/(-14) + (-2130)/(-105). Suppose -2*z - q = -n - z, 3*n - 68 = z. What is the greatest common divisor of n and 72?
24
Let o be (2/3)/((-55)/858)*-5. Calculate the highest common factor of o and 13.
13
Suppose -708 = 5*t - h - 2011, -2*h = 3*t - 787. What is the highest common divisor of t and 29?
29
Suppose 22*g - 17*g - 85 = 0. Let o be (3 + 7/(-2))*-170. Calculate the highest common factor of g and o.
17
Suppose 0 = -3*x - 6 + 66. Let q = 8 + 2. What is the highest common divisor of x and q?
10
Let f(l) = l**3 + 36. Let a be f(0). Let m be (-1 - (-1 - 18))*1. What is the highest common factor of a and m?
18
Let l = -53 + 11. Let r = l + 62. Let m be r/6*(-18)/(-4). Calculate the greatest common divisor of 15 and m.
15
Suppose 21 = 2*a - 131. Suppose 5*u = -4*i + a, -i + 24 = 5*u - 40. Calculate the highest common factor of u and 60.
12
Suppose 4*h + 3*b + 0*b = 15, -2*h - 2*b + 6 = 0. Let k = 58 - 4. What is the highest common factor of h and k?
6
Suppose 7*y - 96 = 471. Calculate the greatest common factor of 54 and y.
27
Let w be 2/(-14) - 72/(-14). What is the highest common factor of 55 and w?
5
Let f(x) = x**2 - 8*x - 21. Let w be f(-6). Calculate the greatest common factor of w and 7.
7
Let d(z) = z**3 + 5*z**2 + 5*z + 6. Suppose -2*q - 23 = 3*g - 3, 0 = -2*q - 4*g - 24. Let s be d(q). Calculate the greatest common factor of s and 1.
1
Suppose -2*k + 148 = 5*u - 100, -4*k + 64 = u. Let d(y) = 2*y - 12. Let p be d(14). What is the highest common factor of u and p?
16
Suppose -4*y + 22 = 2*m, 4*m - 2*y - 24 = -0*m. What is the greatest common divisor of m and 35?
7
Let h = -29 + 42. What is the highest common divisor of 39 and h?
13
Let r = 49 - 2. Let y = r - 14. Let q be y/(4/((-16)/(-6))). Calculate the greatest common factor of q and 33.
11
Suppose -19 = -5*g + 71. Let i(m) = -m**3 + 14*m**2 - 7*m - 6. Let y be i(10). Suppose -y = 3*d - 5*d. Calculate the greatest common divisor of d and g.
18
Let w = 34 - 24. Let j be 2/(-2 + 3)*1. Let b be 2*j/(-4) + 3. What is the highest common factor of b and w?
2
Suppose 3*b - 4*b = -153. Let f be b/6 + 1/(-2). What is the greatest common divisor of 10 and f?
5
Suppose -3*l - 12 = 0, -x + l + 3 + 44 = 0. Calculate the greatest common divisor of x and 43.
43
Let l = 283 + -94. Calculate the greatest common divisor of 21 and l.
21
Let u be (-7)/(28/(-16)) + 11. What is the highest common factor of 6 and u?
3
Suppose 2*b - b = 242. Calculate the greatest common divisor of b and 22.
22
Suppose -4*p + 18 = -2*p. Let f = 72 - 9. Calculate the greatest common factor of f and p.
9
Suppose -4*x = -5*a + x + 75, -2*a + x = -29. Calculate the greatest common factor of 35 and a.
7
Let u = 17 + -12. Suppose -u*g - 49 - 26 = -5*w, 2*w = g + 27. Suppose -5*n + 28 = -w. Calculate the highest common divisor of n and 88.
8
Suppose i + 0*z + 4 = 2*z, 2*z - 8 = 3*i. Let v(c) = -4*c**3 + 4*c**2 + 3*c. Let f be v(i). Calculate the greatest common factor of 105 and f.
21
Let y be 6/(-9) + (-42)/(-9). Suppose 90 = -n + y*n. What is the highest common factor of 10 and n?
10
Suppose -4*b + 5*j + 54 - 11 = 0, -7 = -b + 5*j. Suppose b = 3*d - 0*d. Calculate the highest common divisor of 10 and d.
2
Suppose 5*f + 510 = 5*p, -3*p + 5*f - f = -310. Calculate the greatest common factor of 14 and p.
14
Let h be (-1)/(-5) - (156/(-20) - 4). What is the highest common factor of 96 and h?
12
Let r(m) = -m**2 + 5*m + 2. Let u be r(5). Suppose 0 = -u*c + 2. Let i = c + 1. What is the greatest common divisor of 5 and i?
1
Suppose 3*a - 4*a + 2 = 0. Suppose -w + a*w - 27 = 4*i, -w - 3*i + 13 = 0. Let v = -64 + 273. Calculate the highest common divisor of 